) = 5*p**3 - 30*p**2 + 84*p - 161. What is the units digit of h(21)?
8
Let u(z) = 2*z**3 + 15*z**2 + 2*z - 448. Let a(m) = -m**3 - 7*m**2 - m + 224. Let j(f) = 13*a(f) + 6*u(f). What is the tens digit of j(0)?
2
Suppose 54*w - 59*w = -5. Let b(n) = 396*n**3 - n**2 + n. What is the tens digit of b(w)?
9
Let f = -38201 + 54773. What is the hundreds digit of f?
5
Let k = -835 - -21480. What is the ten thousands digit of k?
2
Let a = 5531 + -2654. What is the tens digit of (-1 + (-6)/(-3))/(21/a)?
3
Let m = -14 - 0. What is the hundreds digit of (40/m)/((-20)/1400)?
2
What is the tens digit of 6 - (8649/(-6)*84/(-9))/(-1)?
6
Let j(z) = -12 - 8*z**2 - 8*z**2 + 19*z**2 + 35*z - 4. What is the units digit of j(-18)?
6
Suppose g - 2*g = 0, 1890 = 3*x - 3*g. Let h be 107/10 - (0 - 66/220). Suppose -c + h*c = x. What is the units digit of c?
3
Suppose -8887770 = -382*j + 112*j - 201*j. What is the tens digit of j?
7
Suppose 0 = 3*k + 2*g + 6, k - 3*k = -3*g - 9. Suppose -4*n - 11*n + 750 = k. What is the units digit of n?
0
Let h(l) = -2*l**3 + 33*l + 2 + 0*l**3 - 18*l - 12*l. What is the units digit of h(-1)?
1
What is the ten thousands digit of (-425410)/(-30)*3 + 4?
4
Let b(v) = 2*v**2 - 65*v + 8. Let i be b(33). Suppose 2303 + i = 4*a. What is the tens digit of a?
8
Let r(c) = 30*c + 164. What is the hundreds digit of r(15)?
6
Suppose -58*s + 63*s + 75 = 0. What is the units digit of s/6*(2236/(-10) + -4)?
9
Let v = -39 + 51. Suppose -4*k + k = -v. Suppose 0 = -2*i + 4*q + 59 + 67, -k*i + 266 = -q. What is the tens digit of i?
6
Suppose -w = 3*c - 3886, -w + 6*w + 4*c - 19386 = 0. What is the units digit of w?
4
Suppose 15*t + 12*t = 17658. Let c = 1665 - t. What is the thousands digit of c?
1
Let t be 115/(-3) + 6/18. Let c = t + 43. Suppose 3*n = c*n - 5*g - 427, -1018 = -5*n - 4*g. What is the units digit of n?
6
Let i(g) = -25*g + 2. Suppose 5*b - 2*k - 9 = 32, 4*k + 12 = 0. Let m(z) = z**3 - 8*z**2 + 5*z + 13. Let a be m(b). What is the units digit of i(a)?
7
Let r(y) = -y**3 + 4*y**2 + 10*y - 21. Let h be r(5). Suppose 0 = -k - 3*m + 249 + 475, 0 = h*k + 2*m - 2926. What is the hundreds digit of k?
7
Let t = -107 - -188. Let r = t + 139. What is the hundreds digit of r?
2
Suppose -897 = 4*c + 3*m - 6*m, c + 4*m = -210. Let y = c - -108. Let k = 26 - y. What is the units digit of k?
0
Let s(k) = -2*k - 1. Let b(r) = -3*r**2 - 44*r - 81. Let y(a) = -b(a) + 6*s(a). What is the units digit of y(-15)?
0
Let x be -3*(-2 - -1) - (109 - -3). Let c = 190 + x. What is the units digit of c?
1
Suppose 0 = 5*m + 5*g - 500, m - 375 = -3*m + g. Suppose 0 = 4*w - 2501 - m. What is the units digit of w?
9
Suppose 17523 = 5*w + 9*z, -3*w + 2*z + 3497 = -2*w. What is the tens digit of w?
0
Let c = -49245 - -73180. What is the ten thousands digit of c?
2
Suppose -13855 = -q + 3*t, -5*t + 10*t = 2*q - 27715. What is the hundreds digit of q?
8
Let j be 4*-7*2/28*-2. Suppose -g - j = 5*w - 7*w, -12 = -2*w - 3*g. Suppose -w*m + 6*x - 7*x + 632 = 0, -4*x = -5*m + 1042. What is the hundreds digit of m?
2
Let m(u) = 4*u + 16. Let f be m(-10). Let i be ((-2)/4)/(4/f). Suppose i*a - 17 = -5*h + 83, 5*a - 5*h = 220. What is the units digit of a?
0
Suppose -w = 3*l - 18159, 282*l = -w + 277*l + 18151. What is the ten thousands digit of w?
1
Let m = -9 + 14. Suppose 172 = m*s - 983. What is the tens digit of s?
3
Let d be (2 + 0)/(-2)*(-4 - 3). Suppose 5*v = 4*g - 15, 3*g - 11 = d*v - 3*v. Suppose -b - 4*j + 3*j + 68 = 0, j = -g*b + 324. What is the units digit of b?
4
Suppose 3*j = -467*z + 470*z - 152679, -4*j = 4*z - 203516. What is the ten thousands digit of z?
5
Let n be 48/(-14) + (18/(-21))/(-2). What is the units digit of 284/(((-48)/(-64))/(n/(-2)))?
8
Suppose 1090 = 6*c - 1838. What is the units digit of c?
8
Suppose -2*o - 2*q = -54, 5*o + 2*q - 41 = 97. Let w(f) = -2 - o*f**2 - 4 + 33*f**2 + 5*f. What is the tens digit of w(4)?
9
Suppose 43 - 1 = 6*q. Let j be (-4)/18 - (-29)/9. What is the tens digit of (q/1)/(j/6)*2?
2
What is the thousands digit of 4311*(-4)/(-72)*10?
2
Let s be (0 + 9)*(10 + -16)/(-2). Suppose 2*v + 34550 = s*v. What is the thousands digit of v?
1
What is the units digit of (44/(-396) - (-55)/9)*8483?
8
Let s(i) = 24*i**2 - 114*i - 1012. What is the units digit of s(-11)?
6
Let q(n) = 2*n - 6. Let y be q(0). Let b be y/(-36)*-28*3/2. Let k(x) = 3*x**2 + 4*x + 21. What is the units digit of k(b)?
0
Let a be (25/2)/(3 - 15/6). Suppose t = 3*t - 4*h - 94, a = -5*h. Suppose 0*i - 5*s = -2*i + 31, -5*i - s + t = 0. What is the units digit of i?
8
Suppose -34*p = 5*v - 36*p - 913, -v + 5*p = -201. What is the hundreds digit of v?
1
Suppose 0 = 3*b + 3*n + 867, -b = 4*n + 15 + 277. Let q = -120 - b. What is the units digit of q?
8
Let v(r) = 34*r + 442. Let l be v(-17). Let n = 84 + -164. Let c = n - l. What is the units digit of c?
6
Let b(t) = 2*t**2 - 1. Let v(d) = d**2 + 7*d - 12. Let h(x) = 6*b(x) + v(x). What is the units digit of h(-7)?
0
Let z(n) be the third derivative of n**6/40 - n**5/15 + 17*n**4/24 + 2*n**3/3 + 64*n**2. What is the tens digit of z(5)?
6
Suppose -6*u + 210 = -u. Let o = 46 - u. Let t(k) = 32*k + 11. What is the tens digit of t(o)?
3
Suppose 82*x + 195 = 77*x. Suppose -3*j + 0*m + 5*m - 134 = 0, 217 = -4*j - m. Let h = x - j. What is the tens digit of h?
1
Let g(i) = -19*i + 89. Let u be g(6). What is the tens digit of -22 - u - 27*-17?
6
Let n be ((-5)/(70/(-12)))/(19/133). Suppose -v = -7*v - n. What is the tens digit of (23 - 22) + 76 + v?
7
Suppose 231*o - 236*o = 340. Let i = 456 + o. What is the units digit of i?
8
Let w = -789 - -791. What is the thousands digit of (-602)/((w/(-7))/(52/91))?
1
Suppose 18*u + 5753 = 7*u. Let h = u + 211. Let d = h + 575. What is the hundreds digit of d?
2
Let g(s) = s - 19. Let p be g(21). Suppose 25 = -3*f - 4*w, 2*f = -3*f - p*w - 23. What is the tens digit of 2/f + -1 + 112/6?
1
Suppose 0 = -6654*q + 6652*q + 56284. What is the ten thousands digit of q?
2
Suppose 4*q + 2*t = -22, -3*q - 8 = -2*t + 12. What is the hundreds digit of 720/(-25)*135/q?
6
Suppose -7*i - 5 = -54. Suppose -y - 3192 = -i*y. What is the units digit of y?
2
Let d = -3512 - -8327. What is the units digit of d?
5
Let r(f) = f**3 + 2*f**2 - 13*f + 8. Let u be r(-5). Let w be (-760)/(-30) - u/3. Suppose 122 = 6*n + w. What is the tens digit of n?
1
What is the hundreds digit of (-373088)/(-8) - -8 - -5 - -5?
6
Let p be 210/(-40)*2*-48. Suppose 0 = -r + p - 167. What is the hundreds digit of r?
3
Suppose 0 = 49*n - 313284 + 84488 - 171093. What is the thousands digit of n?
8
Suppose 0 = -1609*h + 1626*h - 170340. What is the units digit of h?
0
Let j(c) = 16*c**2 - 3 + 12 - 4 + 2*c + 8*c**2. What is the hundreds digit of j(5)?
6
Let p = -2363 - -19432. What is the tens digit of p?
6
Suppose 0 = -4*c + 2*a + 21492, 407*c - 2*a = 411*c - 21516. What is the thousands digit of c?
5
Let v(l) = 3*l**2 - 2*l + 5*l + 2*l**2 - 4*l. Let k be v(1). Suppose 496 = 4*q - 5*c + c, -k*q + 489 = 3*c. What is the hundreds digit of q?
1
Let n be (-6)/9*6/(-2). What is the tens digit of -1*(-91 - (n - 0))?
9
Suppose 2 = -4*h + 46. Suppose 10*o + 756 = h*o. Suppose 0*t = 3*t - o. What is the hundreds digit of t?
2
Let n = -3603 + 3630. What is the tens digit of n?
2
Suppose -4*o + 12 + 8 = 0. Let n = o - 19. What is the tens digit of 4/n + (-5 - 1208/(-14))?
8
Let f = 65 + -57. Suppose -18*k + 390 = -f*k. Suppose -z + 108 = 4*z + m, 2*z - m = k. What is the tens digit of z?
2
Suppose -29577 - 100997 = -34*a + 495978. What is the units digit of a?
8
Suppose 7*u - 12 - 16 = 0. Suppose -u*i = -18*i + 4998. What is the units digit of i?
7
Let w = -21907 + 59147. What is the thousands digit of w?
7
Let p = -56 + -40. Let h be (-30)/12*p/10. What is the hundreds digit of h/9*(2394/(-8))/(-7)?
1
Let v(d) = d**3 + 16*d**2 - 35*d + 24. Let y be v(-18). What is the units digit of 4809/7*y/9?
8
What is the thousands digit of 2691 - (-5)/((-55)/(-121))?
2
Suppose -56*x + 54*x = -376. Let z = x + 78. What is the tens digit of z?
6
Let f(g) be the second derivative of g**5/20 + 7*g**4/12 + 11*g**3/6 + 15*g + 3. Let c be f(-4). Suppose -12 = -c*k + 680. What is the tens digit of k?
7
Let u = 7500 + -4788. What is the thousands digit of u?
2
W